6 + 1126. Let t(g) = 8*g + 13 + 0*g**3 + 3*g - g**3 - 9*g**2. Determine t(j).
3
Let a(g) = -g**2 + 3*g + 4. Let u(t) = t**2 + 1. Let k(z) = -a(z) - 2*u(z). Let l(b) = -1. Let w(x) = k(x) - 5*l(x). Let s = 370595 - 370597. Calculate w(s).
1
Suppose -4*u - 3*d = 15, 2*u + 8*d - 3*d + 25 = 0. Let n(h) = u - 3*h**3 + 1 - 57*h**2 + 55*h**2 + h. Determine n(-2).
15
Let y(j) = 6 - 6 + j**3 + 3 - 7*j**2 + 7. Let z be ((-18)/(-10))/((-6)/(-40)). Suppose 5 = -a + z. Calculate y(a).
10
Suppose -3*r + 317 = 92. Let a = r - 57. Let h = a + -22. Let t(d) = d + 4. Determine t(h).
0
Suppose -5*o + 5 = -0. Let u(m) = 42*m - 36*m + 1 - 3*m**2 + 5*m**2 + 7*m**2 - 3 - 4*m. Calculate u(o).
9
Let c(q) = -q. Let d = -1 + 0. Let y(p) = p**2 - 3*p + 4. Let u(k) = -3*k**2 + 7*k - 11. Let z(x) = -2*u(x) - 5*y(x). Let f(o) = d*z(o) + 4*c(o). Give f(-5).
-2
Let l(p) = 20*p**2 + 16*p + 26. Let r(h) = -7*h**2 - 7*h - 12. Let t(u) = 2*l(u) + 5*r(u). Determine t(-2).
18
Let r = -8994 - -8991. Let u(o) be the second derivative of o**5/20 + o**4/4 + 2*o**3/3 + 2*o**2 + o. Give u(r).
-8
Suppose 76 - 365 = -17*f. Suppose f*h - 42 = 10*h. Let k(y) = -y**2 + 6*y - 5. Calculate k(h).
-5
Let v(j) = -6 - 14*j**2 - 2*j**3 + 11*j**2 + 3*j**3 - 2. What is v(4)?
8
Suppose y - 4*y = 4*k + 4, -5*y + 40 = -5*k. Let x = 16 + -15. Let r(a) = 4*a + a - 2*a + x - 6*a. Give r(k).
13
Let w(u) = -1720*u + 3*u**2 - 2*u**2 + 1 + 1725*u. Suppose 5*f = -2*g + 6*g + 35, -g - 5*f + 10 = 0. What is w(g)?
1
Suppose 105*i = 101*i + 4*q + 8, 3*q = 2*i - 9. Let c(h) = 8*h**2 + 7*h**2 - 2*h + 3*h**3 - 11*h**2 - 3. Give c(i).
-42
Suppose -2*m + 2*b + 2*b + 208 = 0, -m + 5*b = -110. Let y be 240/m*10/3. Let i(a) = a - y*a - 4 + 5*a. Determine i(-4).
4
Let a(v) = -22*v - 121*v**3 + 226*v**3 - 107*v**3 + 5*v - 23*v**2 - 18. Give a(-11).
48
Let a(k) be the third derivative of -k**5/60 + k**4/6 - 5*k**3/3 + 58*k**2 - k - 3. Calculate a(3).
-7
Let h be 7/(((-4)/6)/(24/18)). Let k(n) be the third derivative of -n**5/60 - n**4/2 + 14*n**3/3 + 719*n**2. Determine k(h).
0
Let y(i) = -i**2 - i + 6. Suppose -34 = 4*c - 206. Suppose -c + 19 = 4*d. What is y(d)?
-24
Let u be (37 - 1) + -15*(-8)/(-24). Let p(s) = 117 - 2*s - 61 - u + 0*s. Calculate p(13).
-1
Suppose 24 - 63 = -3*g. Let a(q) = q**2 + 4*q + 5. Let m(t) = 902*t**2 - 40*t - 900*t**2 + 48*t + 11. Let j(b) = g*a(b) - 6*m(b). Determine j(-4).
-1
Let t(b) = b**3 + 13*b**2 + 22*b. Let a be t(-11). Suppose -3*g + 5*y = -3 - 3, a = 4*g + 2*y - 8. Let x(r) = 4 - 3*r + 38*r**2 - 6*r - 37*r**g. What is x(7)?
-10
Let u(w) = -10*w - 75. Let z(b) be the second derivative of 7*b**3/6 + 51*b**2/2 - b + 6. Let g(r) = 5*u(r) + 7*z(r). Give g(-10).
-8
Let k(m) = -m**3 - 6*m**2 - m + 5. Let b(z) = z**2 - 25*z + 50. Let u be b(23). Suppose -y = u*y - 15. Suppose 0 = -y*s + 11 - 26. Determine k(s).
-15
Suppose c - 4*i + 10 = 3*c, -3*c + 2*i - 1 = 0. Let q(k) = c + 610*k - 608*k - 3 - k**2. Let p be (2*(-2)/(-2))/1. Calculate q(p).
-2
Let b(o) = -o**2 - 7*o + 1. Let a = -113 + 117. Suppose -a*v = r - 0*v - 3, 4*r - 4*v + 48 = 0. Determine b(r).
-17
Let j(a) = -19*a - 45. Let s(u) = 17*u + 45. Let h(p) = -6*j(p) - 7*s(p). What is h(-8)?
-5
Let s(r) be the second derivative of -2*r + 13 - 2/3*r**4 + 1/2*r**2 + 1/6*r**3. Give s(1).
-6
Let s(z) = z**3 - 12*z**2 + 23*z - 12. Let i be s(10). Let t(j) = -16 - j + 2*j - 22 + i. Calculate t(16).
-4
Let d = -170 + 164. Let c be 2/(-4)*d*(-1 + 0). Let t(n) = -5*n - 3. What is t(c)?
12
Let p(o) = -2*o**3 - 9*o**2 + 20*o + 12. Let q be p(-6). Let w(y) = -7 - y + 2 + q + 3. Let f(u) = -u**3 - 4*u**2 + u + 4. Let s be f(-4). What is w(s)?
-2
Let b(c) = 143 - 429 + 54*c - 56*c + 144 + 146. Let m = 2 + -5. Give b(m).
10
Let o(f) = -f**2 + 4*f + 6. Let j(v) = 5. Let d(u) = -34*u - 138. Let a(m) = -d(m) + 8*j(m). Let h be a(-5). Calculate o(h).
-26
Let i(a) = a**2 + 10*a - 5. Suppose -693 = -22*s + 407. Suppose -5*c - s = 5. Determine i(c).
6
Let n = 772 - 779. Let g(r) = -3*r + 4. Let t(y) = -y. Let x = -20 - -19. Let v(j) = x*g(j) + 4*t(j). What is v(n)?
3
Let d(x) = -x**3 - x**2 + 11*x + 18. Let u be d(-3). Let z = -6 + 10. Let p(l) = -4*l + z*l - 27 - u*l + 28. Calculate p(-7).
22
Let h = 3598 - 3593. Let y(r) = -2*r + 10. What is y(h)?
0
Suppose 0 = -h, 6*h - 2*h - 8 = k. Let c be ((-18)/(-24))/((-2)/k). Let w(u) = 3*u - 1. Let s(i) = 9*i - 2. Let b(y) = 3*s(y) - 8*w(y). Determine b(c).
11
Let a(c) = -c - 3 - 8 + 10. Suppose -16 = h + 4. Let b be -23 - h - (-7 - -1). What is a(b)?
-4
Suppose -2*r = y - 2*y - 3, 2*y = 2*r. Let f(h) = 15*h**2 + 14*h**2 - 3 - 35*h**2 + 7*h**2 - r*h. What is f(-2)?
7
Let c(f) = 7*f + f - 3*f - 3 - 4*f. Let u(z) = z + 2. Let o be u(4). Suppose -h + 2*h + o = 0. Calculate c(h).
-9
Let r be (-98)/(-10) - ((-9)/45 + 0). Suppose -5*a = -2*l + 10, -r = 5*a + l - 5*l. Let k(f) = 2*f**3 - 3*f**2 - f. Determine k(a).
-26
Let s(d) be the first derivative of 1/2*d**2 - 43 + 19*d. What is s(-8)?
11
Let u(t) = -2*t**3 + 236*t**2 - 120*t**2 - 103*t**2 + 9*t + 6*t + 29 + 3*t**3. Calculate u(-12).
-7
Suppose -11*p - 200 = -25*p + 4*p. Let w(o) = -o**2 + 22*o - 40. Calculate w(p).
0
Let u(d) = -15*d**2 - 7*d + 33. Let h(i) = -52*i**2 - 21*i + 95. Let z(w) = -2*h(w) + 7*u(w). Give z(-11).
-3
Let k(x) be the third derivative of -2*x**2 + 1/120*x**6 - 5/24*x**4 + 1/15*x**5 + 0 - 1/6*x**3 + 6*x. Give k(-5).
-1
Let u(y) = 172*y + 1448. Let q(i) = -16*i - 138. Let b(s) = -52*q(s) - 5*u(s). Determine b(-2).
-8
Let m(o) be the first derivative of -o**2/2 + o - 2120. Calculate m(7).
-6
Let g(s) = -2*s - 11. Let c be -83 + -6 - (2 - -4). Let p = c + 86. Give g(p).
7
Let h be ((-27)/(-9))/(1/(-1)). Let v be (h/(-1))/(2 + -1). Let y(f) = 3 + 2*f - 19*f + 6*f + 9*f. Give y(v).
-3
Let v(k) be the third derivative of k**6/360 + k**5/60 - 185*k**3/6 + 143*k**2. Let m(l) be the first derivative of v(l). Give m(-2).
0
Let p(o) = -7*o**2 + 4*o - 9. Let a(u) = -30 - 3*u + 4 - 3. Let t be a(-8). Let b(m) = 3*m**2 - 2*m + 4. Let q(g) = t*b(g) - 2*p(g). Calculate q(2).
-2
Let f(y) = 8 + 12*y + 2 - 20 + 1. Determine f(-2).
-33
Let m(z) = -4*z**3 + z**2. Suppose 0 = -3*n - 3*y + 15, -2*n + 9*y - 14*y = -22. Calculate m(n).
-3
Suppose -21*p + 19*p = -36. Let q be 12*1*(-6)/p. Let m be (-1)/((3/q)/(-3)). Let g(v) = -v + 2. Give g(m).
6
Let z be -6 + 5 + (-20)/((-10)/1). Let a(n) = 15*n**3 + 4*n - 5. Determine a(z).
14
Suppose 2*g - 158 = 3*w, 65 = g - 0*g - 5*w. Let t = g + -82. Let s(n) = n**t + 19*n + 2 - 3*n**2 + 15*n + 14*n - 49*n. Calculate s(2).
-4
Let y(z) be the first derivative of -145 + 10*z + 1/3*z**3 + 9/2*z**2. Determine y(-7).
-4
Let j(x) be the third derivative of -5*x**4/12 + x**3 + 1063*x**2. Calculate j(5).
-44
Let y(t) = -t**3 + 14*t + 1. Let p(k) = 6*k**3 - 19*k**2 - 38*k - 3. Let z(i) = p(i) + 3*y(i). Calculate z(6).
-12
Suppose 0 = -4*u + h - 44, -36 = 4*u - 0*u - 3*h. Suppose 23*t - 1014 + 94 = 0. Let r be (t/u + 4)*-6. Let b(j) = j**3 + 5*j**2 + 5*j. Give b(r).
-4
Let j(h) be the third derivative of -h**5/60 + 7*h**4/24 + h**3/6 + 13*h**2. Suppose -5*x = c + 4*c - 25, 0 = -2*c + 4*x + 16. Determine j(c).
7
Let w(b) = -15*b**2 + b. Let q(k) = 8*k**2 - 24*k + 25. Let a(l) = q(l) + w(l). Determine a(1).
-5
Let f be (28/12)/((40/15)/8). Suppose -f*t - 4 - 31 = 0. Let n(q) = 0*q**2 + q - 4 - q**2 - 9*q - q**2. Calculate n(t).
-14
Let v(i) = 13*i**3 + 20*i**2 + 15*i + 17. Let u(q) = 3*q**3 + 5*q**2 + 4*q + 4. Let k(o) = -9*u(o) + 2*v(o). Let s = -24 + 9. Let w = s + 11. Determine k(w).
6
Let f(y) be the first derivative of y**4/4 - 7*y**3/3 - 13*y**2 - 5*y + 547. Calculate f(9).
-77
Let s(p) = -1 + 4*p**2 + 3 + 3*p - 5*p**2. Let o(g) = -g**2 - 36*g - 28. Let h be o(-35). Suppose 7*r - 70 = -h*r. What is s(r)?
-8
Let v(x) be the third derivative of x**6/120 + 7*x**5/30 + 17*x**4/12 - x**3/3 - 7654*x**2. What is v(-11)?
-13
Suppose 3*f + 4*q - 15 = 0, -3*q = -8*q. Let k(l) = 36 + 3*l + l - l - f*l - 51. What is k(-14)?
13
Let n(i) = i**2 - 2*i - 1. Let u(y) = y**2 - 2*y - 1. Let x(z) = 5*n(z) - 6*u(z). Let v be 785/4 - 0 - (-69)/92. Let l = -199 + v. Calculate x(l).
-7
Let t(l) be the first derivative of l**3/3 - 19*l**2/2 - 11*l - 109. Determine t(20).
9
Let h = 13071 + -13075. Let b(z) be the third derivative of -z**6/120 - z**5/12 - 5*z**